 Let x(i) = -11*i - 7. Let f(s) = q*m(s) - 4*x(s). Let u be f(6). Determine l(u).
-5
Let x(l) = l**2 - 6*l - 1. Suppose 0 = 4*z + 2*t - 28, t + 16 = 2*z + 3*t. Determine x(z).
-1
Let d(k) be the first derivative of -k**3/3 + k**2/2 + 4*k + 44. Determine d(0).
4
Let p be 20/(-8)*(1 + 1). Let k(d) = -d**2 + 1 + 0*d - 2 - d**3 - 5*d**2 - 7*d. Determine k(p).
9
Let f be 5*2*2/(-10). Suppose 2*p = -p. Let s(g) = 1 + g**2 + p + 0 - g. What is s(f)?
7
Suppose -g + t - 2 = -2*g, 5*g = 3*t - 22. Let x(l) = -6*l - 1. Calculate x(g).
11
Let b(i) = i**3 - 8*i**2 + 8*i - 2. Let q be b(7). Let g(c) = -q*c + 0*c - c + 7*c. Determine g(-1).
-1
Let b = -11 - -16. Suppose -b = 4*u + 5*c, -4*u - 3*c + 1 = -4. Let h(n) = n**3 - 4*n**2 - 4*n. Determine h(u).
5
Let u(i) = 2 + 12*i**2 + 0*i**2 - 15 - 16*i + 6*i. Let h(v) = -v**2 + v + 1. Let z(j) = 22*h(j) + 2*u(j). What is z(-3)?
8
Let d(b) = -7*b + 6*b + 0*b. Let s(y) = 2*y + 15. Let g be s(-10). What is d(g)?
5
Let b(i) = i**3 + 1. Let t be b(1). Let y(u) = u + 2 + t - 2*u. What is y(3)?
1
Let j be (-104)/(-60)*3 - (-1)/(-5). Let p(q) = -q**2 + q - 2. Determine p(j).
-22
Let z = 0 + -2. Let g(q) = -1. Let j(b) be the third derivative of -b**4/24 + b**3/6 + 5*b**2. Let m(r) = z*g(r) - 3*j(r). Give m(-1).
-4
Let z(r) = 8*r + 7*r - 3 - 7*r - 3*r. Calculate z(2).
7
Suppose 2*v + i = 7, i = 5*v - 3*i - 50. Let n(c) = -c**3 + 5*c**2 + 3*c + 7. Give n(v).
-11
Let h(p) = 4*p. Let k(m) = -5*m + 82. Let v be k(18). Calculate h(v).
-32
Let n(a) = a**2 - 8*a + 5. Let p(h) = -h - 4. Let m be p(-11). Give n(m).
-2
Let m(z) be the second derivative of 7*z**3/6 - 9*z**2/2 - 3*z. Let l(j) = 6*j - 8. Let i(d) = -6*l(d) + 5*m(d). Determine i(-4).
7
Let i = 2 - 0. Let q(z) = z + 3. Suppose a = 2*o + 5, -4*o + 4 = -2*o - 4*a. Let y(g) = -g - 4. Let l(j) = o*y(j) - 5*q(j). What is l(i)?
-1
Let t = -19 + 21. Let x(d) = -2*d + 1. Determine x(t).
-3
Let y = -32 + 33. Let s(b) = -16*b. Calculate s(y).
-16
Let j(n) = -n**2 - 10*n + 4. Let a be j(-10). Let s(l) be the third derivative of 1/8*l**a - l**2 + 0*l - 1/60*l**5 - 1/6*l**3 + 0. Give s(4).
-5
Let u(d) be the first derivative of -d**5/120 - d**4/24 + d**3 + 2. Let l(k) be the third derivative of u(k). What is l(3)?
-4
Suppose 2*q + 3*h - 2*h + 2 = 0, -3*q + 2*h = 10. Suppose 4*r - 24 = -4*k - 8, 5*k = 2*r + 20. Let x = r + q. Let d(y) = 2*y**2 + 2*y. What is d(x)?
4
Let a be ((-18)/5)/((-21)/70). Let y(x) = -x**2 + 12*x + 1. Let m be y(a). Let t(n) = -9*n**3 - n. What is t(m)?
-10
Let q(g) be the first derivative of -11*g**2/2 + g + 3. What is q(-2)?
23
Let c be 0*(-1 + 3)/2. Let u = -9 + 11. Let g(b) = c - 6 + u + b. Give g(0).
-4
Let o = -11 + 10. Let w = o - -4. Let q(k) = -3*k - 1. Determine q(w).
-10
Let u(t) = -5*t**3 - 4*t**2 + 3*t + 8. Let q(h) = -14*h**3 - 12*h**2 + 10*h + 23. Let g(l) = -4*q(l) + 11*u(l). What is g(-5)?
6
Let p(u) = 5*u + 1. Let t be 2 + (-4)/1 - -1. What is p(t)?
-4
Let a(s) = s - 1. Let k be (8/3)/((-6)/(-9)). Suppose -k*m + 3*m + 18 = 0. Let x be (-208)/36 + (-4)/m. Determine a(x).
-7
Suppose -y + 5*y + 16 = 0. Let b(h) = 2*h + 6. Calculate b(y).
-2
Let k(p) be the second derivative of -p**6/360 + p**4/12 - 5*p**3/6 + 2*p. Let u(w) be the second derivative of k(w). What is u(-3)?
-7
Let l(p) be the second derivative of 3*p**5/20 - p**4/12 - p**3/6 + 7*p. Give l(-1).
-3
Suppose 0 = 5*d - 2*f - 40, -5*d + f = -2*f - 45. Let r be d/3*(2 - -3). Suppose 0 = 3*z + 2*z + r. Let g(k) = 2*k**3 + 3*k**2. Determine g(z).
-4
Let r(z) = -z + 3. Let c(x) = x - 4. Let m(p) = 2*c(p) + 3*r(p). What is m(5)?
-4
Let o = -5 - 0. Let m(f) = f**2 + 6 + 5 + 0 - 6 + 6*f. Calculate m(o).
0
Let o(f) = -13*f**2 + 9*f - 3. Let u(a) = 6*a**2 - 4*a + 1. Let d(c) = 2*o(c) + 5*u(c). Let i(y) = y**2 + y + 1. Let j(h) = d(h) + i(h). Determine j(1).
4
Let n(d) = -d. Let w(m) = m + 2. Let j be w(-1). Let t(r) = 1. Let z(f) = j*t(f) + n(f). Let o = 10 + -6. What is z(o)?
-3
Suppose 4*p = 6*p. Let l(v) = -13*v**2 - 18. Let n(r) = -7*r**2 - 9. Let u(y) = -6*l(y) + 11*n(y). Give u(p).
9
Suppose -4*n + f = 15, -2*n + 4*f - 6 = -16. Let h(w) = 3*w**2 - w**2 - 4*w - 3*w**2. Give h(n).
-5
Let c(p) = p**3 + 5*p**2 + 6*p + 6. Let a(h) = -4*h**3 - 4*h**2 - 3*h - 1. Let v be a(-2). Suppose 4*d + v = 5. What is c(d)?
-2
Suppose -6*a + a = 4*y + 2, 0 = 4*y - a + 14. Let r(t) = -t**2 - 2*t + 4 + 2*t + t. Give r(y).
-8
Let i be 11 + -4 + 0 - 1. Let w(y) = -y + 1. Calculate w(i).
-5
Let o(n) = -n**3 - 4*n**2 - 2*n + 2. Let j(g) = -3*g**3 - g**2 + 1. Let r be 0 - (0 - -2) - 1. Let q be 0/(-2) + (r - -4). Let b be j(q). Calculate o(b).
-1
Let n = 5 + -4. Let r(k) = 2*k**3 + 2*k**2 - 1. What is r(n)?
3
Let h be (-1 - (1 - 2)) + 2. Let q(r) = r**2 - 6*r + 2. Let x be q(6). Let z(d) = -d**x - d**2 + 1 + d**h. Calculate z(0).
1
Let j(c) = 8*c**3 + c**2 - 3*c + 1. Let s be j(2). Let d be (-3)/6 - s/(-6). Suppose 0 = 5*w - 0 - d. Let k(a) = -a**3 + 2*a**2 + 2*a - 3. What is k(w)?
1
Let w(b) = b**3 + 5*b**2 - b - 1. Let v = 54 + -59. Determine w(v).
4
Let g(j) = -j**2 - j - 1. Let w be 5/(-10) - 18/(-4). Suppose 2*i + w*r - 12 = 0, 0*r + 24 = -2*i + 5*r. Give g(i).
-3
Let t(b) = -b**3 + 5*b**2 - 5*b + 2. Let z = 4 + 6. Let j be ((-6)/15)/(2/z). Let f be (-22)/(-6) - j/(-3). Give t(f).
5
Let d(o) = 5*o + 3*o + 2*o - 12*o. Determine d(-4).
8
Let q(m) = 28*m**2 + 10*m - 27*m**2 - m. Calculate q(-10).
10
Suppose 0 = 6*m - 3*m + 4*z - 12, m - 2*z = 4. Let f = m - 10. Let n(g) = g**3 + 7*g**2 + 6*g + 4. Give n(f).
4
Let y = 48 + -54. Let z(p) = -p**3 - 7*p**2 - 5*p + 5. What is z(y)?
-1
Let w(z) = -9 + 80*z - 158*z + 86*z + z**2. What is w(-9)?
0
Let q be 0 + -1 - 12/3. Let u(g) be the third derivative of -g**6/120 - g**5/10 - g**4/8 + g**3/6 + 5*g**2. Calculate u(q).
-9
Suppose -15 = 2*n - 5*n. Let b(u) = -u**2 + 4*u + 4. Calculate b(n).
-1
Let p(f) = -10*f**2 - 5*f - 5. Let w(c) = 9*c**2 + 4*c + 4. Let d(r) = -4*p(r) - 5*w(r). Let n = 0 + -1. What is d(n)?
-5
Let o be (-50)/8 + 4/16. Let d(b) = b**2 + 5*b - 4. What is d(o)?
2
Let m(k) be the third derivative of k**5/60 - 7*k**4/24 + k**3/2 - 5*k**2. Calculate m(6).
-3
Let g(q) = -q + 5. Let s be g(4). Let c(h) = -s + 0 + h - 6 - h**2. Give c(0).
-7
Let o(i) = 2*i**2 - i**2 - 2*i**2 - 10 + 1 + i. Give o(0).
-9
Let i be (-3 - (-22)/6)*3. Suppose -4*l - 2 = -0*n - 2*n, 3*n - 3 = 0. Let s(p) = 3 + l - p - 2. Give s(i).
-1
Let x(u) = u**2. Suppose -5*w - 20 = -10. What is x(w)?
4
Let o(q) = -7*q**2 - 2*q - 12. Let b(r) = -11*r**2 - 3*r - 19. Let h(l) = 5*b(l) - 8*o(l). What is h(-1)?
1
Let u(x) be the first derivative of x**3/3 - 3*x**2/2 - 4*x - 9. Calculate u(5).
6
Let g(y) = y - 1. Let o(b) = -b + 10. Let s be o(8). Give g(s).
1
Suppose -5*m + 10 = 0, -m - 10 = -2*l - 6. Let i(p) = p - 3. Determine i(l).
0
Suppose n - 3*z + 6 = -2*n, -3*n - 1 = -2*z. Let i(l) = 4 + 4*l**3 + l**3 - n. Give i(1).
6
Let w(r) = -r**3 + r**2 + r + 3. Let l be w(0). Suppose 3 = s - 2*f - f, l*f = -5*s - 21. Let q(y) = 3 - 6 + 3 - y. Determine q(s).
3
Let t = 8 - 9. Let r(x) = -1 + 2*x + 11*x**2 + 2 - x. Calculate r(t).
11
Let t(p) be the second derivative of p**4/24 + 5*p**3/6 + 7*p**2/2 + 3*p. Let m(a) be the first derivative of t(a). Give m(5).
10
Let t(h) be the first derivative of h**5/120 - h**4/24 + h**3 + 1. Let o(a) be the third derivative of t(a). Let w be o(-3). Let r(c) = 2*c + 6. Determine r(w).
-2
Let z(w) = w**2 + 10*w + 16. Let a be z(-7). Let n(f) = -2*f + 4. Give n(a).
14
Let c(g) = 2*g - 1. Let h be 2/6 + 46/6. Suppose 2*q = -2*f + h, 2*f + 9 = -4*q + 23. Calculate c(f).
1
Suppose -2*g - 1 + 7 = 0. Let f(q) = q**2 - 2*q**2 + q**3 - g - 2 + 6*q**2 + 3*q. What is f(-4)?
-1
Suppose -o = -4*z - 2, 10 = 5*o + z + 3*z. Let r(c) = 8*c - 5*c - 3*c**2 + o*c**2 + 3. Calculate r(-2).
-7
Let t(x) = 210*x**2 + 201*x**2 + x**3 - x - 414*x**2. Calculate t(4).
12
Let q = 8 + -4. Suppose 2*v + 4 = 4*h, v + 5*h = q - 20. Let y(t) = -t**2 - 5*t + 3. Give y(v).
-3
Let r(m) be the second derivative of m**4/4 + m**3/2 + m**2 - 11*m. Suppose -2*n - 2*j = -3*j + 6, j + 2 = -2*n. Determine r(n).
8
Let y(m) = m**2 + 2*m - 2. Let n = 19 - 3. Let z = 8 - n. Let k be (-18)/z + (-3)/12. Calculate y(k).
6
Let y(r) = r**3 + 3*r**2 - 2*r**2 - 4*r - 2*r**2 + 7 - 4*r**2. Give y(5).
-13
Let f(b) be the sec